308 and u?
28
Suppose -2*m - 108 = -4*m + 4*s, -s = 4*m - 225. Calculate the highest common divisor of 104 and m.
8
Suppose -790 = -3*r + 2*g, 4*g = 5*r + 6*g - 1338. What is the highest common divisor of 70 and r?
14
Let w be 11 - (-3)/(-1)*-1. What is the highest common factor of w and 42?
14
Let u = -909 + 926. What is the highest common factor of 2669 and u?
17
Suppose 0 = 5*t - 2*k - 345, -4*t + 41 = -4*k - 223. Suppose 124 - 44 = -4*s. Let w = t + s. Calculate the greatest common factor of 17 and w.
17
Let k be 13/((-32)/11 + 3). Suppose k = 5*c + o + 45, 3*c = 5*o + 42. What is the greatest common factor of 19 and c?
19
Suppose 5*y = 4*y + 14. Suppose 168 = -10*x + y*x. Calculate the highest common divisor of 462 and x.
42
Let a(f) = 2*f + 108. Let d be a(-22). What is the highest common divisor of 32 and d?
32
Let y(z) = z**2 - 30*z + 256. Let p be y(18). What is the greatest common factor of 1240 and p?
40
Let v(g) = 2*g**2 + 7*g - 7. Let q be v(-9). Let o be q/6*3/(-2). Let w = -18 - o. Calculate the highest common divisor of 10 and w.
5
Suppose -3*l - 2*k = -3*k - 67, -72 = -4*l - 3*k. Let j be 828/42 + 6/l. What is the highest common factor of j and 140?
20
Suppose -2*v = -5*s + 4*s - 1696, -6*s = -4*v + 3408. What is the highest common factor of v and 94?
94
Let n(u) = u + 18. Let x be n(-8). Suppose -5*j + 59 = 3*r, -5*j - 3*r + 47 = -4*r. What is the greatest common divisor of j and x?
10
Let i = -145 + 417. What is the greatest common factor of 32 and i?
16
Let b be (-8)/10*15/2. Let r = b + 48. What is the greatest common factor of 28 and r?
14
Suppose -21*j - 4*j = -1175. Calculate the greatest common divisor of j and 8.
1
Suppose 3*f - 21 = -f - 3*h, -4*h = 4*f - 24. Suppose 2*x = -0*z + 2*z + 100, f*z - 250 = -5*x. Calculate the highest common factor of x and 25.
25
Let i(c) = -6*c - 4. Let s be i(-9). Let a be 176/112 - 24/(-56). Calculate the greatest common factor of s and a.
2
Suppose 2*o - 798 = -o + 2*f, 2*f + 534 = 2*o. Calculate the greatest common divisor of o and 24.
24
Suppose -5*w + w - 2*k = -776, -964 = -5*w - k. Calculate the highest common factor of w and 32.
32
Let j(u) = u**3 + 3*u**2 - 5*u + 2. Let a be j(-4). Let m = -9946 - -9952. What is the greatest common divisor of m and a?
6
Suppose 2*x = -5*b + 5, x + 3 = -4*b + 7. Suppose x*w - w + 5*c = -76, -2*w + 92 = 5*c. What is the highest common divisor of w and 7?
7
Let f = 164 + 23. Let w(l) = 6*l**2 + 34*l + 5. Let o be w(-6). What is the greatest common divisor of f and o?
17
Let w = 6 + -13. Let o be (-1 + w/(-5))*55. What is the greatest common factor of 198 and o?
22
Suppose 0 = u - 4*z + 4028, -z - 6001 = 3*u + 6057. Let c be (-2)/(-7) - u/42. What is the greatest common divisor of c and 12?
12
Let b(z) = -z**2 + 13*z + 63. Let t be ((-6)/(-5))/1*(-350)/(-28). Let s be b(t). What is the highest common factor of 264 and s?
33
Let z = 2 + -4. Let o be (3/4)/(z/(-72)). Let x(y) = -y**3 + 14*y**2 - 20*y - 11. Let k be x(10). Calculate the highest common divisor of k and o.
27
Let x be ((-35)/(-15) + -9)/(2/(-24)). Let w be (-651)/(-15) - 2/5. Suppose 0*r + w = 4*r - 3*t, x = 5*r + 5*t. What is the highest common factor of 52 and r?
13
Suppose -6*v = -7*v. Suppose 2*c + c = v. Suppose c = 3*g - 20 + 11. What is the highest common divisor of 33 and g?
3
Let w be (-6)/(-4)*28/3. Let b(y) = y**3 - 3*y**2 - y + 3. Let t be b(3). Suppose t = -j + 5 + 16. Calculate the highest common factor of j and w.
7
Suppose 0 = -52*x + 107 - 55. Calculate the highest common factor of 7 and x.
1
Suppose -3*p - 9 = -30. Let c = -5 + 8. Let z be ((-1)/c)/((-7)/294). What is the greatest common factor of z and p?
7
Let c = -4 + 2. Let q be (1 - (-11)/c)*-2. Let l be (2 - 5/3)/(135/1215). What is the greatest common divisor of l and q?
3
Let v be ((-7)/(-56) - 91/(-40))*5. Suppose 0*z - 2*a - 60 = -3*z, -4*z - 5*a = -57. Let t be z/(-15)*-30*3. Calculate the greatest common divisor of v and t.
12
Let u(k) = 5*k + 2. Let y be u(2). Suppose -3 = -n + 2*n + 2*v, -2*v - 21 = -5*n. What is the highest common factor of n and y?
3
Suppose -3*q + 2*q = 0. Suppose -3*x = -4*y - 57, y = -q*y. Let s = -215 + 386. What is the highest common factor of x and s?
19
Let c(o) = -15*o - 31. Let t(u) = -43*u - 95. Let z(s) = 13*c(s) - 4*t(s). Let p = -6 - 4. Let q be z(p). What is the greatest common divisor of 23 and q?
23
Let t(n) = 420*n - 2090. Let m be t(5). Let x(u) = -18*u + 3. Let s be x(6). Let r = s - -185. Calculate the highest common factor of m and r.
10
Let b = 606 - 344. Let o = 548 - b. What is the highest common divisor of o and 26?
26
Let w(n) = 13*n - 4. Let u be w(3). Let r(a) = -4*a + 2*a - 2 + 16 + 4*a. Let p be r(0). What is the highest common divisor of p and u?
7
Let o(k) = -k**3 + 2*k**2 + 2. Let m be o(2). Suppose 111 = m*b - 239. What is the greatest common divisor of 35 and b?
35
Let n = -27 + 31. Let v(z) = 9*z - n*z - 7*z - 6 - 2*z. Let s be v(-4). Calculate the highest common divisor of 10 and s.
10
Suppose -169 = 2*v + 57. Let g = v - -320. Calculate the highest common divisor of 23 and g.
23
Let r be (2/4)/((-14)/700). Let t = -20 - r. Calculate the greatest common factor of t and 55.
5
Let g(m) = m**2 - 8*m + 10. Let t be g(8). Let c be 15/(-25) + (-2966)/t*-1. What is the highest common factor of 37 and c?
37
Let m(u) = -u**3 - 5*u**2 - 4*u + 3. Let g be m(-5). Let o = 34 - 23. Suppose 5*k - o*k = -138. Calculate the highest common divisor of g and k.
23
Let g(n) = n**3 - 9*n**2 + 4*n + 6. Let k be g(9). Let q = k + -23. Suppose 3*w = w + 304. Calculate the highest common divisor of w and q.
19
Let l(d) = -4*d**2 - 90*d - 41. Let k be l(-22). What is the highest common factor of 6 and k?
3
Let v = 3305 + -2965. What is the highest common divisor of v and 260?
20
Suppose 60*i + 360 = 75*i. What is the greatest common divisor of 492 and i?
12
Suppose 0*i + 95 = 4*i - 5*k, -k = 5*i - 97. Calculate the highest common divisor of 45 and i.
5
Let p(i) = i**3 - 2*i**2 - 3*i + 1. Let g be p(2). Let n = -4 - g. Let j be 13*(2 - -3) - n. Calculate the greatest common divisor of j and 16.
16
Let y = -142 - -107. Let g be ((-574)/y)/(2/5). Calculate the highest common divisor of 328 and g.
41
Let z be (6/9)/(3/(252/8)). Let m = -4 - -11. Calculate the greatest common factor of z and m.
7
Let b be (14/21)/(3 - (-224)/(-75)). Calculate the highest common factor of b and 450.
50
Suppose -5*n + 330 = -7*b + 2*b, 4*b = -n + 51. Calculate the highest common factor of 231 and n.
21
Let l = 27 + -13. Let x be (-28)/8*(-8)/l. Let q = x - -1. What is the greatest common divisor of 33 and q?
3
Let s be (2/3)/(-1)*6. Let f(r) = r**3 + 4*r**2 - r + 2. Let u be f(s). Suppose 4*w + 150 = u*w. What is the greatest common divisor of w and 25?
25
Suppose -3*y + 12 = -144. Let p = 100 + -35. Suppose v - m = -4*v + p, -52 = -4*v - 4*m. Calculate the highest common divisor of y and v.
13
Let n(l) = -l**3 + 2*l**2 - l + 28. Let s be n(0). What is the highest common factor of s and 812?
28
Let n = 56 - 56. Suppose 2*g = -f - 5, n = 11*f - 9*f + 2*g + 2. Calculate the greatest common factor of f and 48.
3
Let l be (-13 + 12)/((1 - 0)/(-93)). What is the greatest common divisor of l and 1209?
93
Let k = 203 + -198. Calculate the greatest common factor of 20 and k.
5
Let h = -220 + 1692. Calculate the highest common factor of h and 46.
46
Let a(w) = 2*w - 17. Let c be a(12). Let k = c - 1. Suppose 0 = -2*d - 3*d + 75. Calculate the highest common factor of d and k.
3
Suppose 5*m - 42 = 73. Let q = m - 21. Suppose q*i - 12 - 12 = 0. What is the greatest common divisor of 3 and i?
3
Suppose -65*f + 71*f - 1242 = 0. Calculate the greatest common divisor of f and 27.
9
Let f = 8 - -48. Let j = f + 42. What is the highest common factor of 28 and j?
14
Suppose -518 = -56*a + 98. What is the greatest common divisor of 1 and a?
1
Let y(c) = c**2 + c - 1. Let q be y(2). Let u be q*(-3 + 1 + 4). Let w be (-3)/(-4)*60/9. Calculate the highest common divisor of u and w.
5
Let o = -463 + 1051. Calculate the highest common factor of 84 and o.
84
Suppose -5*x - 4*o = -1860, 2*o - 5*o + 372 = x. Calculate the highest common factor of x and 12.
12
Let j(y) = -9*y**2 + 43*y - 18. Let c be j(4). What is the hig